 the prime factors of 1339889?
17, 269, 293
List the prime factors of 33899.
109, 311
What are the prime factors of 599267?
17, 35251
What are the prime factors of 7486072?
2, 11, 97, 877
List the prime factors of 529663.
19, 61, 457
List the prime factors of 516484.
2, 129121
List the prime factors of 8870627.
8870627
What are the prime factors of 1236002?
2, 17, 36353
List the prime factors of 15815653.
7, 61, 37039
What are the prime factors of 1139578?
2, 11, 17, 277
What are the prime factors of 14864561?
79, 188159
What are the prime factors of 1306375?
5, 7, 1493
List the prime factors of 741624.
2, 3, 13, 2377
List the prime factors of 406921.
107, 3803
List the prime factors of 19746.
2, 3, 1097
What are the prime factors of 208421?
37, 43, 131
List the prime factors of 945140.
2, 5, 7, 43, 157
List the prime factors of 13434299.
13434299
What are the prime factors of 238500?
2, 3, 5, 53
List the prime factors of 360598.
2, 7, 43, 599
What are the prime factors of 3764991?
3, 1254997
What are the prime factors of 3124688?
2, 7, 23, 1213
What are the prime factors of 95802?
2, 3, 7, 2281
What are the prime factors of 1901425?
5, 19, 4003
What are the prime factors of 388271?
13, 29867
What are the prime factors of 2806666?
2, 17, 82549
List the prime factors of 522607.
73, 7159
List the prime factors of 781479.
3, 31, 2801
List the prime factors of 233962.
2, 116981
List the prime factors of 141105.
3, 5, 23, 409
What are the prime factors of 10407136?
2, 19, 17117
List the prime factors of 259206.
2, 3, 43201
What are the prime factors of 802622?
2, 401311
List the prime factors of 2179649.
2179649
What are the prime factors of 7507357?
11, 13, 47, 1117
List the prime factors of 1240200.
2, 3, 5, 13, 53
List the prime factors of 582543.
3, 13, 383
What are the prime factors of 437661?
3, 7, 6947
List the prime factors of 5893653.
3, 53, 101, 367
List the prime factors of 1272511.
179, 7109
What are the prime factors of 2416719?
3, 805573
What are the prime factors of 12135948?
2, 3, 11, 91939
List the prime factors of 5545158.
2, 3, 467, 1979
What are the prime factors of 3609804?
2, 3, 11, 23, 29, 41
List the prime factors of 588925.
5, 23557
What are the prime factors of 227448?
2, 3, 13
List the prime factors of 397524.
2, 3, 157, 211
List the prime factors of 822991.
13, 29, 37, 59
List the prime factors of 4612020.
2, 3, 5, 7, 79, 139
What are the prime factors of 10141099?
1051, 9649
What are the prime factors of 11052350?
2, 5, 221047
List the prime factors of 1979669.
1283, 1543
List the prime factors of 4818421.
4818421
List the prime factors of 26099981.
17, 1535293
What are the prime factors of 161704?
2, 17, 29, 41
What are the prime factors of 12573816?
2, 3, 47, 71, 157
List the prime factors of 647606.
2, 323803
What are the prime factors of 167065?
5, 33413
List the prime factors of 1797033.
3, 7, 83, 1031
What are the prime factors of 11343833?
11343833
List the prime factors of 5498554.
2, 2749277
What are the prime factors of 6002365?
5, 59, 20347
List the prime factors of 749587.
749587
What are the prime factors of 18893179?
18893179
List the prime factors of 201213.
3, 79, 283
List the prime factors of 6249443.
6249443
What are the prime factors of 12204072?
2, 3, 169501
What are the prime factors of 12100825?
5, 11, 79, 557
What are the prime factors of 18537213?
3, 151, 271
What are the prime factors of 639392?
2, 13, 29, 53
What are the prime factors of 634612?
2, 11, 14423
List the prime factors of 3559784.
2, 41, 10853
What are the prime factors of 15516904?
2, 13, 23, 499
What are the prime factors of 17290823?
11, 1571893
What are the prime factors of 3980?
2, 5, 199
List the prime factors of 278543.
278543
List the prime factors of 2483478.
2, 3, 281, 491
List the prime factors of 541504.
2, 8461
List the prime factors of 372535.
5, 74507
What are the prime factors of 149200?
2, 5, 373
What are the prime factors of 795195?
3, 5, 41, 431
What are the prime factors of 16902820?
2, 5, 11, 76831
List the prime factors of 257064.
2, 3, 10711
List the prime factors of 3493957.
3493957
What are the prime factors of 1521456?
2, 3, 29, 1093
List the prime factors of 29164.
2, 23, 317
What are the prime factors of 1057591?
97, 10903
What are the prime factors of 316064?
2, 7, 17, 83
List the prime factors of 555804.
2, 3, 15439
List the prime factors of 930409.
930409
What are the prime factors of 692012?
2, 113, 1531
What are the prime factors of 27009110?
2, 5, 71, 109, 349
List the prime factors of 780908.
2, 197, 991
List the prime factors of 366126.
2, 3, 139, 439
List the prime factors of 366936.
2, 3, 15289
What are the prime factors of 1055403?
3, 39089
List the prime factors of 474562.
2, 11, 37, 53
What are the prime factors of 943831?
7, 109, 1237
What are the prime factors of 9804631?
17, 576743
List the prime factors of 21949235.
5, 7, 11, 47, 1213
List the prime factors of 10073232.
2, 3, 13, 5381
What are the prime factors of 11220822?
2, 3, 31, 6703
What are the prime factors of 517336?
2, 64667
List the prime factors of 84185.
5, 113, 149
List the prime factors of 1075101.
3, 241, 1487
What are the prime factors of 385344?
2, 3, 223
What are the prime factors of 20856080?
2, 5, 7, 37243
List the prime factors of 1567914.
2, 3, 29, 9011
List the prime factors of 1599058.
2, 799529
What are the prime factors of 857787?
3, 7, 40847
List the prime factors of 2391267.
3, 157, 5077
What are the prime factors of 308767?
131, 2357
List the prime factors of 34723.
13, 2671
List the prime factors of 268820.
2, 5, 13441
What are the prime factors of 11748425?
5, 13, 37, 977
List the prime factors of 436576.
2, 7, 1949
List the prime factors of 2770024.
2, 181, 1913
What are the prime factors of 511491?
3, 170497
List the prime factors of 4172874.
2, 3, 131, 5309
What are the prime factors of 290639?
509, 571
What are the prime factors of 3596379?
3, 1198793
List the prime factors of 7733215.
5, 7, 17, 41, 317
List the prime factors of 215238.
2, 3, 29, 1237
List the prime factors of 671098.
2, 347, 967
List the prime factors of 1595676.
2, 3, 103, 1291
What are the prime factors of 2366981?
331, 7151
What are the prime factors of 2103371?
593, 3547
List the prime factors of 696529.
139, 5011
List the prime factors of 18342145.
5, 1487, 2467
What are the prime factors of 488403?
3, 18089
List the prime factors of 7262328.
2, 3, 302597
What are the prime factors of 6163950?
2, 3, 5, 13, 29, 109
List the prime factors of 22142337.
3, 7, 41, 25717
What are the prime factors of 3202470?
2, 3, 5, 29, 409
What are the prime factors of 2413684?
2, 7, 13, 19, 349
What are the prime factors of 887158?
2, 31, 41, 349
What are the prime factors of 636341?
23, 73, 379
List the prime factors of 599504.
2, 89, 421
List the prime factors of 15472070.
2, 5, 1547207
What are the prime factors of 895078?
2, 521, 859
What are the prime factors of 439055?
5, 87811
What are the prime factors of 38431?
38431
What are the prime factors of 4445037?
3, 54877
List the prime factors of 204029.
7, 29147
What are the prime factors of 2329428?
2, 3, 194119
What are the prime factors of 16526917?
11, 283, 5309
List the prime factors of 680379.
3, 7, 179, 181
List the prime factors of 5161462.
2, 43, 60017
List the prime factors of 459657.
3, 11, 4643
What are the prime factors of 3133996?
2, 53, 14783
List the prime factors of 5874651.
3, 652739
List the prime factors of 538772.
2, 13, 797
What are the prime factors of 2993349?
3, 997783
List the prime factors of 4861248.
2, 3, 7, 3617
List the prime factors of 116914.
2, 7, 1193
List the prime factors of 27467724.
2, 3, 421, 5437
List the prime factors of 18370853.
19, 947, 1021
List the prime factors of 428847.
3, 142949
List the prime factors of 87961.
87961
List the prime factors of 3561523.
7, 508789
What are the prime factors of 19446648?
2, 3, 13, 157, 397
What are the prime factors of 1530178?
2, 13, 229, 257
List the prime factors of 36051129.
3, 547, 2441
List the prime factors of 65411.
149, 439
What are the prime factors of 262528?
2, 7, 293
List the prime factors of 6185498.
2, 11, 281159
What are the prime factors of 3502927?
71, 103, 479
List the prime factors of 6378.
2